 is the highest common divisor of w and c?
12
Let f(j) = 152*j**2 - 7*j + 28. Let m be f(3). Calculate the highest common factor of m and 11.
11
Suppose 0 = -2*b - 2*m + 22, m + 3*m = -2*b + 24. What is the highest common divisor of 85 and b?
5
Let x(w) be the second derivative of w**4/12 - 3*w**3 + 19*w**2 - 25*w. Let c be x(17). What is the highest common divisor of 147 and c?
21
Suppose 2*z - 1127 = 127. Calculate the highest common factor of 38 and z.
19
Let p(n) = n**3 - 4*n**2 - 8*n + 2. Let a be p(6). Let t = -15 - -16. Let x be (1 - (-47 - t - 3))*2. Calculate the highest common factor of a and x.
26
Suppose c - 5*z + 5 = 0, z + 26 = 4*c + 4*z. Suppose -4*u - 3*n = -44, -n - n - 24 = -4*u. Let l = 10 - u. Calculate the greatest common factor of c and l.
1
Let m(s) = -2*s**2 + 3*s + 6. Let q be m(6). Let b be ((-30)/(-18))/((-20)/q). Suppose 22 + 14 = v. What is the highest common divisor of v and b?
4
Let c be 10/3 + 14/21. Suppose 4 = -c*p + 6*p. Suppose 17 + 63 = 4*u - 4*n, 0 = 3*u - p*n - 61. Calculate the highest common factor of u and 189.
21
Suppose -19 = 4*g + 29. Let t be 92/9 + g/54. What is the highest common divisor of t and 90?
10
Let f = -26 - -34. What is the highest common factor of 376 and f?
8
Let s(c) = 15*c**2 - 17*c - 73. Let r be s(-8). What is the highest common divisor of r and 33?
33
Let n be 6/8*-3*80/(-6). Let y = n - -86. Calculate the highest common factor of 87 and y.
29
Let a = -106 - -26. Let x = -26 - a. Calculate the greatest common factor of 6 and x.
6
Let c = -271 - -317. What is the highest common divisor of c and 782?
46
Suppose 0 = 5*d + w + 139, 2*w = d + 5*w + 39. Let f be (-2)/9 + 434/d*-3. Calculate the greatest common divisor of 32 and f.
16
Let x(b) = -b. Suppose 6 = -3*f - 0*f. Let k(v) = 28*v - 12. Let g(c) = f*k(c) - 72*x(c). Let s be g(10). Calculate the greatest common factor of 23 and s.
23
Suppose k = -k - 2*v + 34, 72 = 4*k + 5*v. Suppose 5*s = -k + 433. Let d be (s/(-3))/((-2)/3). Calculate the highest common factor of d and 14.
14
Suppose m + 0*m = 72. Suppose 0 = 10*b - 9*b - 24. Let z = m + b. Calculate the greatest common divisor of 12 and z.
12
Let p(x) = 25*x + 2. Let l be p(6). Suppose -10*w + 208 = -l. Calculate the highest common divisor of w and 324.
36
Let f(p) = p**3 - 7*p**2 + 7. Suppose -2 = -4*y + 26. Let x be f(y). Let q = 29 + x. Calculate the greatest common factor of q and 4.
4
Let x(d) = d**3 + 6*d**2 + 6*d - 6. Let s be x(-4). Suppose s*h + 6*h - 648 = 0. What is the greatest common factor of h and 9?
9
Suppose 3*y = -u + 5, 0 = -8*y + 9*y + 4*u - 9. Calculate the greatest common divisor of 37 and y.
1
Suppose -5*b + 15 = 4*w, -2*w + 7*w + b = 45. Calculate the highest common factor of 185 and w.
5
Let a be 1/((-2 + 22/12)*-3). Let y(v) = -v + 3. Let j be y(0). Let b be (3/j - 0)*8. Calculate the greatest common divisor of a and b.
2
Let s = -211 - -234. Calculate the greatest common divisor of s and 23.
23
Let i = 7 - 11. Let n be 9 + i*2/(-4). Suppose 88 = -7*h + 15*h. What is the highest common factor of h and n?
11
Suppose -19*j + 8*j = -5610. Calculate the highest common divisor of 60 and j.
30
Let s(z) = z + 59. Let k be s(13). What is the greatest common divisor of k and 1?
1
Let q be (-1)/((44/209)/(-4)). Let g = -274 + 407. What is the greatest common factor of q and g?
19
Let w = 43 - 26. Suppose -15 = -n - 5*v, 0 = 4*n + 6*v - 3*v + 8. Let t be 34*(n/10 - -4). Calculate the greatest common divisor of w and t.
17
Let v be 24*-3*6/(-9). Suppose -o = -3*o + v. What is the highest common divisor of 192 and o?
24
Suppose 4*t + l = 8*t - 33, 4*l - 39 = -3*t. Suppose 7*y = t*y - 52. Calculate the highest common divisor of y and 52.
26
Let y be (-50)/3 + 28/(-21). Let h = y - -32. Calculate the greatest common factor of h and 21.
7
Suppose -4*d - 2*s = -548, -5*s + 146 = -0*d + d. Calculate the greatest common factor of d and 102.
34
Suppose 34*k + 2679 = 38*k + p, -2*k = 2*p - 1338. Calculate the greatest common divisor of 10 and k.
10
Let j = -392 + 664. Suppose 547 = g + g - t, -g + t = -j. Suppose 54 = 2*k - 2*b - 0*b, 4*b - 42 = -2*k. Calculate the highest common factor of g and k.
25
Suppose 2*y = 3*i + 3*y - 2, 14 = -i - 4*y. Let d(h) = i*h - 4*h - 1 + 12*h**2 + 2*h. Let g be d(-1). Calculate the highest common factor of g and 1.
1
Suppose 0*u + 6*u - 54 = 0. Suppose 2*o - 5*o + 15 = 0. Suppose -2*h = 4*s - 8, s - o = -4*h + 3*h. What is the greatest common factor of h and u?
3
Let h(o) = o**3 + 2*o**2 - 3*o. Let w be h(3). Suppose -3*c + 138 = 156, -2*k = -3*c - 54. Calculate the greatest common divisor of w and k.
18
Suppose 3*k + 4*c - 198 = 0, 3*c = -9*k + 6*k + 198. Calculate the highest common factor of 6 and k.
6
Let q = 419 - 284. Calculate the greatest common divisor of 15 and q.
15
Let g(i) = -42*i - 242. Let d be g(-7). Calculate the greatest common divisor of d and 117.
13
Suppose 10*f - 13*f + 18 = 0. Let a(w) = -3*w**2 + 23*w + 16. Let j be a(8). Calculate the greatest common divisor of f and j.
2
Let c(q) = q + 40. Let t be c(-10). Suppose 6*r - 2*r - 4 = 0, 2*r - 152 = -5*v. What is the greatest common factor of v and t?
30
Let c = -1225 + 2121. Calculate the greatest common factor of 28 and c.
28
Let i(u) = -2*u**2 + 57*u - 65. Let m be i(27). Let f(l) = -65*l - 1. Let x be f(-1). What is the greatest common factor of m and x?
16
Let r = -16 - -10. Let n(c) = c**2 + 3*c + 2. Let k be n(r). Suppose 5*l + 2*f - 720 = l, -l - 5*f = -180. What is the highest common factor of l and k?
20
Let x be (-9 + 11)*(3 + -1). Let t = x - 4. Suppose 3*c = -t*c + 48. Calculate the highest common factor of c and 80.
16
Suppose -2*f - 4*i - 6 = -i, -3*f - 6 = 3*i. Suppose -7*x + 3*x - 16 = f. Let t = 14 + x. What is the highest common factor of 70 and t?
10
Let t(n) = 2*n**2 + 15*n - 217. Let s be t(-15). Suppose 0 = -0*q + q - 72. What is the highest common factor of s and q?
8
Let y = 47 - 32. Let h = y - 15. Suppose h*v + 4 = 2*v. Calculate the greatest common factor of v and 22.
2
Suppose -5 = 2*f - v - 4*v, 21 = 3*f + 2*v. Let s = 71 - 26. What is the highest common divisor of s and f?
5
Let h(d) = -5*d**3 + 2*d**2 + d + 2. Let w be h(-2). Let l = 58 - w. Calculate the highest common divisor of l and 50.
10
Let c(h) = -h**3 - 7*h**2 - 8*h + 2. Suppose -5*u = -4*u. Suppose 3*w + u + 18 = 0. Let t be c(w). Calculate the highest common factor of 56 and t.
14
Suppose 11*d - 74 - 223 = 0. Calculate the highest common divisor of d and 432.
27
Suppose 6*w - 3*w - 40 = 4*g, 3 = -3*g. Suppose 15*d - 17*d = -168. What is the greatest common factor of d and w?
12
Suppose -31 = -c + 3*o, 0*o = o - 2. Suppose 5*s - 12 - c = -2*i, -2*i + 4 = 0. What is the greatest common divisor of 45 and s?
9
Let h(f) = f**3 + 2*f**2 - 1. Let u be h(1). Suppose 3 - u = q. Let g(d) = 3*d**3 - d**2 - d + 1. Let z be g(q). What is the highest common factor of z and 4?
2
Let v(i) = 2*i. Let b be v(5). Suppose b*u + 16 = 12*u. Let c be 4/(-10) + 3536/40. What is the highest common divisor of u and c?
8
Suppose -8*l = l - 477. Suppose -2*t = -3*s - l, -175 = -5*t + 4*s - 53. Calculate the greatest common divisor of t and 55.
11
Let t = 154 - 272. Let s = -108 - t. Let y(k) = 3*k - 1. Let w be y(1). What is the highest common factor of w and s?
2
Suppose 3762 = -30*q + 48*q. What is the highest common divisor of q and 22?
11
Suppose -352 = -263*t + 261*t. What is the greatest common divisor of 22 and t?
22
Let f be 552/132 - 2/11. Suppose 13 = 2*h + 5, -f*s - 8 = -2*h. Suppose s = u + 2*u - 9, 0 = d - u - 22. What is the highest common divisor of 100 and d?
25
Let f(r) = -225*r**3 - 2*r**2 - r + 1. Let u be f(-1). What is the greatest common divisor of 9 and u?
9
Let x(b) = -b + 22. Let n be x(10). Suppose -k = 4*l - n, -l - 8 = l. Suppose -20 - k = -4*j. Calculate the greatest common factor of j and 132.
12
Suppose 5*r + 4*w = 506, -10*w + 204 = 2*r - 8*w. Calculate the highest common divisor of r and 931.
49
Suppose -92 - 348 = -4*m. Let k(r) = 12*r**2 + r - 1. Let h be k(-1). Calculate the highest common factor of m and h.
10
Suppose 6*d - 10 = d. Suppose 5*v - 7*v = -d*l + 40, 4*l = 2*v + 70. Calculate the greatest common divisor of 15 and l.
15
Suppose -5*t - 15 = -5*g, -4*g 